{"id":980,"date":"2020-04-23T20:08:17","date_gmt":"2020-04-23T18:08:17","guid":{"rendered":"http:\/\/mobyfit.net\/?page_id=980"},"modified":"2020-08-15T19:03:46","modified_gmt":"2020-08-15T17:03:46","slug":"wald-rueckenschule-kusterdingen","status":"publish","type":"page","link":"http:\/\/mobyfit.net\/physiotherapie-kusterdingen\/wald-rueckenschule-kusterdingen\/","title":{"rendered":"Wald-R\u00fcckenschule"},"content":{"rendered":"<div id=\"pl-980\"  class=\"panel-layout\" ><div id=\"pg-980-0\"  class=\"panel-grid panel-no-style\" ><div id=\"pgc-980-0-0\"  class=\"panel-grid-cell\" ><div id=\"panel-980-0-0-0\" class=\"so-panel widget widget_black-studio-tinymce widget_black_studio_tinymce panel-first-child\" data-index=\"0\" ><div class=\"textwidget\"><h1><span class=\"ff2 fc3 fs10 fb \">R\u00fcckenschule im Wald<\/span><\/h1>\n<p style=\"text-align: left;\"><span class=\"ff2 fc3 fs10 fb \"><span style=\"color: #800000;\"><strong><a href=\"http:\/\/mobyfit.net\/wald-rueckenschule-kusterdingen-2__trashed\/bilder\/\"><img loading=\"lazy\" decoding=\"async\" class=\"alignleft wp-image-315\" src=\"http:\/\/mobyfit.net\/wp-content\/uploads\/rueckenschule_16-768x1024.jpg\" alt=\"\" width=\"369\" height=\"492\" srcset=\"http:\/\/mobyfit.net\/wp-content\/uploads\/rueckenschule_16-768x1024.jpg 768w, http:\/\/mobyfit.net\/wp-content\/uploads\/rueckenschule_16-225x300.jpg 225w, http:\/\/mobyfit.net\/wp-content\/uploads\/rueckenschule_16.jpg 1074w\" sizes=\"auto, (max-width: 369px) 100vw, 369px\" \/><\/a>Kursbeginn Herbst\/Winter: 18:00 Uhr<\/strong><\/span><br \/>\n<span style=\"color: #003300;\"><strong><span style=\"color: #5c7f2e;\">Kursbeginn Fr\u00fchling\/Sommer: 19:00 Uhr<\/span><br \/>\n<\/strong><\/span><\/span><span class=\"ff2 fc3 fs10 \"><br \/>\n<strong><span style=\"color: #800000;\"><span class=\"ff2 fc3 fs10 fb \">Treffpunkt Herbst\/Winter:<\/span><a href=\"http:\/\/mobyfit.net\/impressum\/wegbeschreibung\/\"><br \/>\nKusterdingen, Bleichstr. 8<\/a><br \/>\n<\/span><\/strong><\/span><strong><span class=\"ff2 fc3 fs10 fb \" style=\"color: #6c7f54;\">Kosten:<\/span><\/strong><span class=\"ff2 fc3 fs10 \"><span style=\"color: #6c7f54;\"> 8.- Euro pro Stunde.<\/span><\/span><\/p>\n<p style=\"text-align: left;\"><span class=\"ff2 fc3 fs10 \"><strong>Einrichtung seit 2011<\/strong><\/span><\/p>\n<\/div><\/div><div id=\"panel-980-0-0-1\" class=\"so-panel widget widget_black-studio-tinymce widget_black_studio_tinymce panel-last-child\" data-index=\"1\" ><div class=\"textwidget\"><h2>R\u00dcCKENSCHULE<\/h2>\n<p>Sie findet vor allem in der Natur statt. Zahlreiche\u00a0Bewegungs- und Trainingsma\u00dfnahmen bieten sich\u00a0auf Feld- und Waldboden f\u00f6rmlich an.<\/p>\n<p>Wir bewegen uns auf einer bestimmten Strecke und\u00a0nutzen die nat\u00fcrlichen Herausforderungen, um\u00a0die maximale Aufrichtung des K\u00f6rpers jederzeit\u00a0abrufen zu k\u00f6nnen.<\/p>\n<p>Die spezielle Dynamik, \u00dcbungen\u00a0w\u00e4hrend des Gehens zu machen, belebt und unterst\u00fctzt den Umgang im t\u00e4glichen Leben.<\/p>\n<p style=\"text-align: left;\"><strong><span style=\"color: #800000;\">\u201eVorher m\u00fcde\u2026..danach frisch und aufger\u00e4umt\u201c<\/span><\/strong><\/p>\n<p>So sind die Kommentare nach der Waldstunde.<\/p>\n<p><span class=\"ff2 fc3 fs10 \">R\u00fcckenschule bewirkt FITNESS, AUSDAUER und LEISTUNGSTEIGERUNG ohne Muskelkater und Nachwehen.\u00a0Schmerzen werden durch gesunde Bewegungsformen abgel\u00f6st.<\/span><\/p>\n<\/div><\/div><\/div><\/div><\/div>","protected":false},"excerpt":{"rendered":"<p>R\u00fcckenschule im Wald Kursbeginn Herbst\/Winter: 18:00 Uhr Kursbeginn Fr\u00fchling\/Sommer: 19:00 Uhr Treffpunkt Herbst\/Winter: Kusterdingen, Bleichstr. 8 Kosten: 8.- Euro pro Stunde. Einrichtung seit 2011 R\u00dcCKENSCHULE Sie findet vor allem in der Natur statt. Zahlreiche\u00a0Bewegungs- und Trainingsma\u00dfnahmen bieten sich\u00a0auf Feld- und Waldboden f\u00f6rmlich an. Wir bewegen uns auf einer bestimmten Strecke und\u00a0nutzen die nat\u00fcrlichen Herausforderungen, um\u00a0die [&hellip;]<\/p>\n","protected":false},"author":7,"featured_media":0,"parent":0,"menu_order":1,"comment_status":"closed","ping_status":"closed","template":"","meta":{"footnotes":""},"class_list":["post-980","page","type-page","status-publish","hentry","post"],"_links":{"self":[{"href":"http:\/\/mobyfit.net\/physiotherapie-kusterdingen\/wp-json\/wp\/v2\/pages\/980","targetHints":{"allow":["GET"]}}],"collection":[{"href":"http:\/\/mobyfit.net\/physiotherapie-kusterdingen\/wp-json\/wp\/v2\/pages"}],"about":[{"href":"http:\/\/mobyfit.net\/physiotherapie-kusterdingen\/wp-json\/wp\/v2\/types\/page"}],"author":[{"embeddable":true,"href":"http:\/\/mobyfit.net\/physiotherapie-kusterdingen\/wp-json\/wp\/v2\/users\/7"}],"replies":[{"embeddable":true,"href":"http:\/\/mobyfit.net\/physiotherapie-kusterdingen\/wp-json\/wp\/v2\/comments?post=980"}],"version-history":[{"count":0,"href":"http:\/\/mobyfit.net\/physiotherapie-kusterdingen\/wp-json\/wp\/v2\/pages\/980\/revisions"}],"wp:attachment":[{"href":"http:\/\/mobyfit.net\/physiotherapie-kusterdingen\/wp-json\/wp\/v2\/media?parent=980"}],"curies":[{"name":"wp","href":"https:\/\/api.w.org\/{rel}","templated":true}]}}