{"id":515,"date":"2017-07-10T10:47:19","date_gmt":"2017-07-10T08:47:19","guid":{"rendered":"http:\/\/mobyfit.net\/?page_id=515"},"modified":"2017-07-10T18:32:33","modified_gmt":"2017-07-10T16:32:33","slug":"faszientraining","status":"publish","type":"page","link":"http:\/\/mobyfit.net\/physiotherapie-kusterdingen\/faszientraining\/","title":{"rendered":"Faszienrollentraining"},"content":{"rendered":"<div id=\"pl-515\"  class=\"panel-layout\" ><div id=\"pg-515-0\"  class=\"panel-grid panel-no-style\" ><div id=\"pgc-515-0-0\"  class=\"panel-grid-cell\" ><div id=\"panel-515-0-0-0\" class=\"so-panel widget widget_black-studio-tinymce widget_black_studio_tinymce panel-first-child panel-last-child\" data-index=\"0\" ><div class=\"textwidget\"><p>Ein zunehmendes Interesse f\u00fcr die K\u00f6rperfaszien,\u00a0sowie unz\u00e4hlige Studien, geben den alt bekannten\u00a0Faszien des K\u00f6rpers eine neue Chance.<\/p>\n<p>Da es keinen Muskel, kein Gewebe und kein Organ\u00a0ohne Faszienummantelung gibt, l\u00e4\u00dft sich leicht vorstellen, da\u00df diese Faszien eng miteinander verkn\u00fcpft sind und wesentliche Aufgaben bei der\u00a0Weitergabe von N\u00e4hrstoffen und Bewegungsweiterleitungen haben.<\/p>\n<p>Im Falle von schmerzhaften St\u00f6rungen sind diese Faszien verklebt und k\u00f6nnen durch die Arbeit mit der\u00a0Faszienrolle oder durch Faszienyoga wieder gel\u00f6st\u00a0werden.<\/p>\n<p>Die Instruktion erfolgt nach Absprache privat oder\u00a0in Gruppen.<\/p>\n<\/div><\/div><\/div><\/div><\/div>","protected":false},"excerpt":{"rendered":"<p>Ein zunehmendes Interesse f\u00fcr die K\u00f6rperfaszien,\u00a0sowie unz\u00e4hlige Studien, geben den alt bekannten\u00a0Faszien des K\u00f6rpers eine neue Chance.Da es keinen Muskel, kein Gewebe und kein Organ\u00a0ohne Faszienummantelung gibt, l\u00e4\u00dft sich leicht vorstellen, da\u00df diese Faszien eng miteinander verkn\u00fcpft sind und wesentliche Aufgaben bei der\u00a0Weitergabe von N\u00e4hrstoffen und Bewegungsweiterleitungen haben.Im Falle von schmerzhaften St\u00f6rungen sind diese Faszien [&hellip;]<\/p>\n","protected":false},"author":7,"featured_media":0,"parent":0,"menu_order":0,"comment_status":"closed","ping_status":"closed","template":"","meta":{"footnotes":""},"class_list":["post-515","page","type-page","status-publish","hentry","post"],"_links":{"self":[{"href":"http:\/\/mobyfit.net\/physiotherapie-kusterdingen\/wp-json\/wp\/v2\/pages\/515","targetHints":{"allow":["GET"]}}],"collection":[{"href":"http:\/\/mobyfit.net\/physiotherapie-kusterdingen\/wp-json\/wp\/v2\/pages"}],"about":[{"href":"http:\/\/mobyfit.net\/physiotherapie-kusterdingen\/wp-json\/wp\/v2\/types\/page"}],"author":[{"embeddable":true,"href":"http:\/\/mobyfit.net\/physiotherapie-kusterdingen\/wp-json\/wp\/v2\/users\/7"}],"replies":[{"embeddable":true,"href":"http:\/\/mobyfit.net\/physiotherapie-kusterdingen\/wp-json\/wp\/v2\/comments?post=515"}],"version-history":[{"count":0,"href":"http:\/\/mobyfit.net\/physiotherapie-kusterdingen\/wp-json\/wp\/v2\/pages\/515\/revisions"}],"wp:attachment":[{"href":"http:\/\/mobyfit.net\/physiotherapie-kusterdingen\/wp-json\/wp\/v2\/media?parent=515"}],"curies":[{"name":"wp","href":"https:\/\/api.w.org\/{rel}","templated":true}]}}